the greatest common factor of 66 and 8330355.
33
What is the greatest common divisor of 226110 and 12?
6
What is the highest common divisor of 9312 and 1632?
96
Calculate the highest common factor of 7 and 332.
1
What is the highest common factor of 200 and 1448?
8
Calculate the highest common divisor of 127 and 1170813.
127
Calculate the highest common divisor of 3850 and 1011850.
350
Calculate the greatest common divisor of 462220 and 764.
764
Calculate the greatest common divisor of 646 and 874.
38
What is the greatest common factor of 904894 and 38?
38
What is the highest common divisor of 330 and 251130?
330
Calculate the greatest common divisor of 225138 and 478.
478
What is the greatest common divisor of 2267087 and 241?
241
What is the highest common factor of 5346581 and 1282?
641
What is the greatest common factor of 4512 and 9165?
141
Calculate the highest common factor of 2800 and 128.
16
What is the highest common divisor of 20106 and 90?
18
Calculate the greatest common factor of 6128 and 48.
16
What is the highest common factor of 8155 and 414041?
233
What is the greatest common divisor of 6417 and 3251993?
713
What is the greatest common factor of 15436 and 11350?
454
Calculate the greatest common divisor of 30 and 55515.
15
Calculate the greatest common factor of 2159392 and 128.
32
Calculate the highest common divisor of 31955 and 7553.
581
What is the greatest common divisor of 532 and 6764?
76
What is the greatest common divisor of 204 and 17016?
12
What is the highest common factor of 3626 and 107966?
74
What is the greatest common divisor of 483 and 525?
21
What is the highest common divisor of 2 and 250?
2
Calculate the highest common factor of 361885 and 1383.
461
What is the highest common factor of 13473 and 864?
27
What is the greatest common factor of 168701 and 2470?
247
Calculate the greatest common divisor of 29230 and 20.
10
What is the greatest common divisor of 3886 and 3618?
134
Calculate the highest common factor of 1641475 and 47.
47
Calculate the highest common divisor of 545 and 2404.
1
Calculate the highest common divisor of 10 and 1005.
5
Calculate the greatest common divisor of 6670 and 783.
29
Calculate the highest common divisor of 7056 and 14357.
49
What is the greatest common divisor of 22666 and 14910?
14
What is the highest common factor of 406051 and 3508?
877
What is the highest common divisor of 7 and 242382?
7
What is the highest common divisor of 568 and 512?
8
Calculate the greatest common factor of 684 and 185136.
228
What is the highest common divisor of 11944 and 16?
8
Calculate the greatest common divisor of 30510 and 83970.
270
Calculate the greatest common divisor of 751890 and 3177.
1059
Calculate the highest common factor of 789984 and 48.
48
What is the greatest common factor of 528 and 10384?
176
Calculate the greatest common factor of 184 and 356408.
184
Calculate the highest common divisor of 72360 and 81.
27
What is the highest common divisor of 446998 and 119?
17
Calculate the highest common factor of 18020 and 32860.
1060
Calculate the greatest common divisor of 8722 and 301.
7
What is the highest common divisor of 1876 and 1157961?
469
Calculate the greatest common factor of 23 and 100441.
23
Calculate the highest common factor of 23220 and 21600.
540
Calculate the greatest common divisor of 313272 and 95.
19
What is the highest common divisor of 845784 and 136?
136
What is the highest common factor of 2363 and 34?
17
Calculate the greatest common divisor of 1 and 9857.
1
Calculate the highest common divisor of 811382 and 130.
26
What is the greatest common divisor of 487305 and 1530?
765
What is the greatest common factor of 80047 and 22?
11
Calculate the greatest common divisor of 34 and 1092063.
17
Calculate the greatest common factor of 114946 and 104.
26
What is the highest common factor of 66 and 27654?
66
Calculate the greatest common divisor of 46355 and 1095.
365
What is the highest common factor of 68184 and 180?
36
What is the greatest common divisor of 4331445 and 615?
615
What is the highest common divisor of 8224 and 61423?
257
What is the highest common divisor of 346149 and 69?
3
What is the greatest common divisor of 2380 and 14365?
85
What is the greatest common factor of 261 and 2784?
87
Calculate the greatest common factor of 28412 and 8.
4
Calculate the highest common divisor of 830 and 1020485.
415
Calculate the highest common factor of 60 and 24100.
20
What is the highest common divisor of 12 and 712428?
12
Calculate the highest common factor of 367954 and 18524.
842
Calculate the highest common factor of 132125 and 2275.
175
Calculate the greatest common divisor of 183 and 3035421.
183
What is the greatest common factor of 53259 and 246?
123
Calculate the highest common divisor of 75792 and 80.
16
What is the highest common divisor of 920 and 48530?
230
What is the greatest common factor of 42631 and 19639?
479
What is the greatest common factor of 524560 and 560?
80
Calculate the greatest common factor of 33 and 27951.
33
Calculate the highest common divisor of 2986725 and 525.
525
What is the highest common divisor of 261 and 13970547?
261
What is the greatest common factor of 356232 and 252?
12
Calculate the highest common divisor of 70 and 10520930.
70
Calculate the highest common divisor of 23384 and 56.
8
Calculate the highest common divisor of 137327 and 267.
89
What is the greatest common divisor of 200 and 18432?
8
What is the highest common factor of 3536 and 2288?
208
Calculate the greatest common divisor of 48829 and 33.
11
Calculate the greatest common divisor of 45 and 10719.
9
What is the greatest common divisor of 588 and 3549?
21
What is the highest common divisor of 2410 and 19039?
241
What is the greatest common divisor of 1724609 and 898?
449
Calculate the greatest common factor of 1329 and 1192556.
443
Calculate the highest common factor of 461820 and 8815.
215
What is the greatest common factor of 27 and 473139?
9
What is the highest common divisor of 10682 and 1744?
218
Calculate the highest common divisor of 84 and 105140.
28
What is the highest common divisor of 1061 and 3901297?
1061
Calculate the highest common factor of 1684416 and 48.
48
What is the greatest common divisor of 11220 and 5060?
220
What is the highest common factor of 982 and 727171?
491
Calculate the highest common divisor of 2990 and 3680.
230
Calculate the greatest common divisor of 13377 and 459.
3
What is the greatest common factor of 1416 and 259482?
354
Calculate the highest common factor of 12866 and 154.
14
What is the greatest common divisor of 9568 and 496?
16
Calculate the highest common divisor of 864 and 8928.
288
Calculate the highest common divisor of 6407 and 17845.
43
Calculate the greatest common divisor of 723186 and 12.
6
What is the greatest common divisor of 189089 and 13148?
173
Calculate the highest common divisor of 139 and 1402649.
139
What is the highest common factor of 468219 and 291?
291
What is the highest common divisor of 3337509 and 21?
21
What is the greatest common divisor of 1209 and 325?
13
Calculate the highest common factor of 91907 and 511.
73
Calculate the greatest common factor of 373984 and 1856.
928
What is the highest common factor of 6604 and 559?
13
Calculate the highest common divisor of 56 and 252952.
56
Calculate the greatest common factor of 1890 and 55090.
70
What is the highest common divisor of 16588 and 299?
13
Calculate the greatest common divisor of 675 and 9075.
75
Calculate the highest common factor of 5280 and 27210.
30
What is the greatest common divisor of 183 and 57340?
61
Calculate the highest common factor of 2925 and 468.
117
Calculate the greatest common factor of 154566 and 26038.
554
What is the greatest common divisor of 6 and 2105808?
6
What is the highest common divisor of 587930 and 185?
185
What is the highest common divisor of 52076 and 10528?
188
Calculate the highest common divisor of 97041 and 273.
21
Calculate the highest common factor of 680 and 13192.
136
What is the highest common divisor of 4459 and 2457?
91
Calculate the highest common divisor of 1570 and 28574.
314
What is the highest common factor of 3125 and 1075?
25
What is the greatest common factor of 72 and 71532